de 673?
False
Is 22273 a multiple of 30?
False
Is 22 a factor of 25608?
True
Is 53 a factor of 2121?
False
Does 17 divide 14603?
True
Is 159 a multiple of 53?
True
Is 1476 a multiple of 41?
True
Is 18 a factor of 14098?
False
Is 10800 a multiple of 48?
True
Does 7 divide 1383?
False
Is 222 a factor of 28194?
True
Is 5168 a multiple of 304?
True
Is 57886 a multiple of 206?
True
Is 209 a multiple of 5?
False
Is 513 a multiple of 19?
True
Is 64 a factor of 704?
True
Is 1079 a multiple of 83?
True
Does 38 divide 494?
True
Is 7 a factor of 833?
True
Is 77 a factor of 6237?
True
Does 10 divide 25800?
True
Is 7 a factor of 43?
False
Does 183 divide 30561?
True
Is 364 a multiple of 26?
True
Is 2007 a multiple of 43?
False
Is 1173 a multiple of 16?
False
Does 18 divide 33246?
True
Is 278 a multiple of 10?
False
Is 1105 a multiple of 13?
True
Is 1087 a multiple of 53?
False
Is 50 a multiple of 4?
False
Does 62 divide 809?
False
Does 64 divide 896?
True
Does 16 divide 697?
False
Is 751 a multiple of 61?
False
Is 12648 a multiple of 6?
True
Is 6130 a multiple of 14?
False
Does 2 divide 851?
False
Does 59 divide 885?
True
Is 444 a multiple of 4?
True
Does 13 divide 74607?
True
Is 50 a factor of 13150?
True
Does 31 divide 130?
False
Is 10 a factor of 4080?
True
Does 170 divide 24140?
True
Is 669 a multiple of 14?
False
Is 119 a multiple of 2?
False
Is 78 a factor of 6786?
True
Does 24 divide 20271?
False
Is 72 a factor of 2448?
True
Is 54432 a multiple of 28?
True
Is 8985 a multiple of 13?
False
Does 11 divide 359?
False
Is 1475 a multiple of 24?
False
Is 4 a factor of 36266?
False
Does 14 divide 550?
False
Is 67 a factor of 268?
True
Is 22176 a multiple of 33?
True
Is 19 a factor of 6859?
True
Is 195 a factor of 25545?
True
Does 3 divide 2913?
True
Is 32 a factor of 448?
True
Is 174 a multiple of 43?
False
Is 64 a multiple of 64?
True
Is 202 even?
True
Does 124 divide 33396?
False
Does 10 divide 8202?
False
Is 48 a factor of 1152?
True
Is 46 a factor of 598?
True
Does 9 divide 712?
False
Does 6 divide 25742?
False
Is 3 a factor of 213?
True
Does 9 divide 248?
False
Is 6 a factor of 42?
True
Is 20460 a multiple of 12?
True
Is 468 a multiple of 42?
False
Is 46209 a multiple of 9?
False
Is 25 a factor of 9325?
True
Does 33 divide 1023?
True
Does 2 divide 422?
True
Is 17 a factor of 731?
True
Is 9 a factor of 4726?
False
Is 215 a multiple of 4?
False
Does 13 divide 65780?
True
Does 4 divide 284?
True
Is 2325 a multiple of 36?
False
Is 51 a factor of 146?
False
Does 89 divide 50463?
True
Is 13 a factor of 2446?
False
Does 12 divide 9660?
True
Is 6187 a multiple of 77?
False
Does 9 divide 477?
True
Is 2222 a multiple of 22?
True
Is 604 a multiple of 4?
True
Is 556 even?
True
Is 133 a factor of 10374?
True
Is 3496 a multiple of 19?
True
Is 7614 a multiple of 16?
False
Does 48 divide 13728?
True
Is 96 a factor of 3936?
True
Does 48 divide 1676?
False
Does 10 divide 2326?
False
Does 21 divide 2005?
False
Does 4 divide 75?
False
Does 13 divide 4735?
False
Does 12 divide 1500?
True
Is 550 a multiple of 10?
True
Does 13 divide 1005?
False
Is 830 a multiple of 10?
True
Does 14 divide 3001?
False
Is 111 a factor of 19554?
False
Is 2561 a multiple of 23?
False
Does 75 divide 23386?
False
Does 12 divide 2892?
True
Does 34 divide 1460?
False
Is 2712 a multiple of 226?
True
Is 19 a factor of 23560?
True
Does 67 divide 23225?
False
Is 10 a factor of 2406?
False
Is 888 a multiple of 2?
True
Does 151 divide 9513?
True
Is 9 a factor of 1380?
False
Is 10 a factor of 7445?
False
Is 10739 a multiple of 30?
False
Does 120 divide 5730?
False
Is 1158 a multiple of 18?
False
Is 2050 a multiple of 42?
False
Is 78 a factor of 858?
True
Is 22 a factor of 5459?
False
Does 12 divide 790?
False
Is 22 a factor of 14630?
True
Does 12 divide 8952?
True
Is 22 a factor of 15762?
False
Is 402 a multiple of 43?
False
Is 27 a factor of 3052?
False
Does 8 divide 504?
True
Is 6842 a multiple of 22?
True
Is 105 a factor of 23730?
True
Is 8 a factor of 440?
True
Is 3 a factor of 111?
True
Does 50 divide 271?
False
Does 18 divide 2311?
False
Does 75 divide 2850?
True
Does 160 divide 29600?
True
Is 16 a factor of 3625?
False
Does 50 divide 650?
True
Is 61962 a multiple of 23?
True
Is 145 a multiple of 8?
False
Is 42168 a multiple of 12?
True
Is 25 a factor of 1241?
False
Does 220 divide 20900?
True
Is 2927 a multiple of 7?
False
Does 8 divide 250?
False
Does 7 divide 2677?
False
Is 319 a multiple of 29?
True
Does 43 divide 12427?
True
Does 69 divide 2277?
True
Is 23 a factor of 349?
False
Is 306 a multiple of 51?
True
Does 3 divide 209?
False
Is 1133 a multiple of 38?
False
Does 17 divide 13766?
False
Is 55012 a multiple of 19?
False
Does 14 divide 969?
False
Is 7 a factor of 1407?
True
Is 30 a factor of 9639?
False
Is 66988 a multiple of 16?
False
Is 1995 a multiple of 35?
True
Is 27250 a multiple of 11?
False
Is 1078 a multiple of 22?
True
Is 70 a factor of 44825?
False
Is 29 a factor of 424?
False
Is 42 a factor of 4662?
True
Is 21 a factor of 14343?
True
Does 14 divide 1260?
True
Does 10 divide 453?
False
Is 23782 a multiple of 47?
True
Is 8244 a multiple of 36?
True
Is 792 a multiple of 26?
False
Is 33180 a multiple of 330?
False
Does 39 divide 19734?
True
Is 37 a factor of 259?
True
Does 6 divide 24408?
True
Does 13 divide 965?
False
Does 5 divide 2507?
False
Is 25 a factor of 10525?
True
Is 35 a factor of 6195?
True
Is 1380 a multiple of 98?
False
Does 13 divide 285?
False
Is 117 a factor of 10296?
True
Does 65 divide 804?
False
Does 19 divide 17936?
True
Is 5184 a multiple of 64?
True
Is 29 a multiple of 6?
False
Does 27 divide 13935?
False
Does 16 divide 56376?
False
Is 16 a factor of 19248?
True
Is 1874 a multiple of 15?
False
Does 134 divide 3084?
False
Does 35 divide 2380?
True
Does 140 divide 2037?
False
Is 172 a multiple of 22?
False
Does 7 divide 767?
False
Is 194 a factor of 10476?
True
Is 118 a factor of 39294?
True
Does 8 divide 2819?
False
Is 10 a factor of 6484?
False
Is 10 a factor of 708?
False
Is 54 a factor of 702?
True
Does 187 divide 27676?
True
Is 44 a factor of 792?
True
Is 13 a factor of 12181?
True
Does 9 divide 2718?
True
Is 24 a factor of 1600?
False
Is 25 a factor of 375?
True
Does 144 divide 24159?
False
Is 15 a factor of 76370?
False
Is 29 a factor of 1537?
True
Is 294 a factor of 60143?
False
Is 1072 a multiple of 21?
False
Is 9 a factor of 3392?
False
Is 7661 a multiple of 47?
True
Does 27 divide 837?
True
Is 59 a factor of 70?
False
Is 40295 a multiple of 83?
False
Is 545 a multiple of 35?
False
Does 25 divide 300?
True
Does 18 divide 9657?
False
Is 2 a factor of 633?
False
Is 17 a factor of 3536?
True
Is 6 a factor of 13824?
True
Does 10 divide 534?
False
Is 16285 a multiple of 25?
False
Is 4500 a multiple of 18?
True
Is 2 a factor of 410?
True
Is 147 a multiple of 14?
False
Is 10 a factor of 20?
True
Is 1682 a multiple of 58?
True
Is 24 a factor of 514?
False
Is 2 a factor of 98?
True
Does 133 divide 48678?
True
Is 156 a factor of 171132?
True
Is 63 a factor of 2394?
True
Is 4335 a multiple of 14?
False
Is 12249 a multiple of 103?
False
Does 40 divide 520?
True
Is 24 a factor of 768?
True
Is 11 a factor of 737?
True
Is 6840 a multiple of 95?
True
Does 7 divide 2640?
False
Does 11 divide 29609?
False
Is 11 a factor of 5128?
False
Is 17719 a multiple of 110?
False
Does 162 divide 5508?
True
Is 3009 a multiple of 12?
False
Is 10 a factor of 967?
False
Is 643 a multiple of 6?
False
Is 23392 a multiple of 92?
False
Is 477 a multiple of 68?
False
Does 8 divide 104?
True
Does 3 divide 80?
False
Does 34 divide 4651?
False
Is 1833 a multiple of 52?
False
Is 21 a factor of 27161?
False
Is 16 a factor of 28880?
True
Is 5 a factor of 3392?
False
Is 10 a factor of 38747?
False
Is 950 a multiple of 15?
False
Does 43 divide 1209?
False
Does 15 divide 4883?
False
Is 15 a factor of 499?
False
Is 16119 a multiple of 14?
False
Does 12 divide 22642?
False
Is 16144 a multiple of 8?
True
Is 218 a multiple of 19?
False
Does 99 divide 12573?
True
Is 9 a factor of 630?
True
Is 61 a factor of 15738?
True
Does 34 divide 1292?
True
Is 64 a factor of 448?
True
Does 29 divide 261?
True
Is 5373 a multiple of 27?
True
Is 690 a multiple of 30?
True
Is 43 a factor of 9718?
True
Is 41633 a mult